Let z be (1 - n)*-1*2. What is the greatest common factor of 36 and z?
4
Suppose 4*y - 452 = -2*z, -z + 82 = -3*y - 139. Calculate the highest common factor of z and 32.
32
Suppose v = -v + 160. Suppose 4*w = 2*w + 14. Let j be (-2)/w + v/35. Calculate the highest common factor of j and 8.
2
Let w(p) = -2*p - 8. Let x be w(-7). Let k be 12/(-15)*(-45)/6. What is the highest common factor of x and k?
6
Let r be 380/(-28) - 9/21. Let k be (-2)/(-2 - -4) - r. Suppose 0 = -6*t + 3*t + 3*z + 144, -t - 5*z = -72. Calculate the highest common divisor of k and t.
13
Let n = 29 - -20. Let f = -15 + 22. What is the greatest common factor of n and f?
7
Let y be ((-147)/(-6) - -4)/((-9)/(-12)). Calculate the highest common divisor of y and 38.
38
Let a be 1782/45*10/3. Suppose 4*u = 5*u - 2*f - 8, 0 = 5*u - 2*f - 16. Let t be -12*(u + -5 + 2). What is the greatest common divisor of t and a?
12
Let k be 174/8 + (-16)/(-64). Calculate the highest common divisor of k and 11.
11
Let o(z) = z + 9. Let l be o(4). What is the greatest common divisor of l and 65?
13
Let b = 45 - 20. Suppose -b = -5*s + 25. What is the greatest common divisor of s and 4?
2
Let v(w) = w**3 + 10*w**2 - 18*w + 3. Let y be v(-11). Calculate the greatest common factor of 16 and y.
16
Let y = 11 + -6. Calculate the greatest common factor of y and 5.
5
Suppose 2*s - 2 = s. Suppose -2*x = 3*p - 29, 0 = -4*x + 9*p - 14*p + 59. What is the greatest common factor of x and s?
2
Let k be 9/(-27)*84/(-1). What is the highest common divisor of k and 4?
4
Suppose 3*g = 2*g + 60. Calculate the greatest common divisor of g and 6.
6
Suppose 2*d = -x - d + 26, -d + 1 = 0. Let n be (-1 + 7)*x/2. What is the highest common divisor of 23 and n?
23
Let d = -5 - -3. Let y = d + -3. Let n be (4 + y)*(-11)/1. Calculate the highest common divisor of n and 88.
11
Let y be (-28)/42 + 26/3. Suppose -4 - y = -4*g, 2*x + 2*g = 102. What is the greatest common divisor of x and 32?
16
Let z be 1278/14 + 4/(-14). Suppose 5*v - 95 = -30. Calculate the greatest common divisor of z and v.
13
Let l = 7 - 2. Let j be (-2)/(-7) + (-330)/(-21). Suppose 4*f - j = -2*c, -21 - 17 = -3*f + l*c. What is the greatest common factor of f and 48?
6
Suppose -5*o + 4*o = -30. Let g = 11 - 9. Suppose 2*n - 24 = -g*n. Calculate the greatest common factor of o and n.
6
Let l be (2 - (-6)/(-4)) + 111/2. Calculate the greatest common factor of 7 and l.
7
Let v(w) = w**2 - 3*w + 21. Let y be v(7). What is the greatest common divisor of y and 14?
7
Suppose 4*m + 4*q - 101 = -m, -3*q + 46 = 2*m. Calculate the greatest common factor of 221 and m.
17
Let q be (28/(-12))/((-2)/24). Calculate the highest common factor of q and 7.
7
Let m(p) = -6*p - 1. Let r = -4 + 9. Suppose 2*u - u + r*h = -16, 0 = -5*h - 10. Let n be m(u). What is the highest common divisor of 7 and n?
7
Let c = 47 + -31. What is the highest common factor of 32 and c?
16
Suppose 0 = -5*u + 50 + 5. Let i be 1 - (-1 - 0) - 8. Let z = u + i. Calculate the highest common divisor of 10 and z.
5
Let c(x) = 2*x**2 + 5*x + 4. Let j be c(-3). Suppose 0 = -k - 22 + j. Let n be (k/20)/((-2)/8). What is the highest common divisor of n and 9?
3
Let l(p) = 2*p**2 + 13*p - 6. Let c be 5*(2 - (3 - -1)). Let m be l(c). What is the highest common divisor of 16 and m?
16
Let g be (6 - (8 - 3))*(-544)/(-2). Calculate the greatest common divisor of g and 34.
34
Let i(b) = b + 7. Let d be i(-1). What is the greatest common factor of 78 and d?
6
Suppose 0 = -2*r + 45 + 9. What is the highest common factor of 27 and r?
27
Suppose 4 = l - 11. Let g be 0/2 - (1 + -16). Suppose -2*b = -5*b + g. What is the highest common divisor of b and l?
5
Suppose 27 + 5 = 4*l. Calculate the greatest common divisor of 64 and l.
8
Suppose y - 1 + 4 = 0. Let c be ((-3)/4)/(y/288). What is the highest common divisor of 18 and c?
18
Let k = 10 + -5. Suppose 3*x - 4 = z - 2, k*x - 10 = 0. Suppose 216 + z = 5*c. Calculate the greatest common divisor of 22 and c.
22
Suppose 7*h - 8*h + 15 = 0. What is the greatest common divisor of h and 45?
15
Let w = -100 + 130. Calculate the greatest common divisor of w and 12.
6
Suppose 6 + 0 = -3*b. Let p = b + 2. Suppose p = 4*n + n - 80. What is the highest common divisor of 2 and n?
2
Let s = 1 + 1. Suppose v - s = 2. Suppose m - 13 = -4*m + d, 1 = 3*m - v*d. What is the greatest common divisor of 15 and m?
3
Let j(s) = 9*s**2 + s + 1. Let h be j(-1). Suppose 2*i - f - 11 = -i, 2*i = -f + h. Calculate the greatest common factor of i and 4.
4
Suppose 14*o - 836 = 3*o. What is the greatest common factor of o and 114?
38
Suppose 72 = 5*q - 2*q + w, 5*q = 5*w + 120. Let l be 0*1/(-3)*-1. Suppose l = -2*b + 3*b - 3. Calculate the highest common divisor of q and b.
3
Let r(u) = -u**2 + 7*u - 1. Suppose -j = 3 - 9. Let g be r(j). Let n be 5*g/(75/204). Calculate the highest common factor of 17 and n.
17
Let n(l) = 2. Let r(u) = u + 1. Let t(p) = -n(p) - 2*r(p). Let s be t(5). Let y be (-1130)/s - (-4)/14. Calculate the highest common divisor of 9 and y.
9
Suppose 7*u + 41 = 8*u. Let d = 15 + u. What is the greatest common factor of d and 8?
8
Let u be 22/10 - 1/5. Let k be u/(-6) - 10/(-3). What is the greatest common divisor of k and 24?
3
Let x(k) = k**3 + 1. Let t(o) = o**3 + 2*o**2 + o + 8. Let h(f) = t(f) - 6*x(f). Let p be h(-2). Calculate the greatest common divisor of p and 12.
12
Suppose 4*l - 325 = -3*u, 3*u = 6*u + 2*l - 329. Suppose 2*i - 79 = u. What is the highest common factor of 19 and i?
19
Let y(t) = t**3 - 4*t**2 + 4. Let d be y(4). Calculate the greatest common factor of 44 and d.
4
Suppose -5*v = -3*f + 21 + 132, -5*f + 2*v + 255 = 0. Calculate the greatest common factor of f and 3.
3
Suppose 4*z - 6 = k, 0 + 12 = 4*z + 2*k. Let s = -109 - -113. Calculate the highest common divisor of s and z.
2
Let r = -76 + 175. Calculate the highest common factor of r and 11.
11
Let z be (0/(-3))/(-1) - 0. Suppose -3*a + y + 9 = -z*y, 2*y + 14 = 4*a. Suppose 37 = a*x + 9. What is the highest common factor of 35 and x?
7
Suppose 4*y - 3*l - 48 = 0, 4*y + 2*l = 3*l + 40. Suppose 0 = -r - r - 8. Let p = -3 - r. What is the highest common divisor of p and y?
1
Let y(q) = 17*q**2 - 4*q + 3. Let a be y(2). What is the highest common factor of a and 9?
9
Let t = 85 - 57. Suppose 5*i = 4*i + 42. What is the greatest common factor of i and t?
14
Suppose 0*q - 45 = -q. Suppose 7*k - 8*k + q = 0. Calculate the highest common factor of k and 18.
9
Suppose 105 = 3*i - 4*j, -2*i = -9*j + 4*j - 63. Let w be (i/13)/(6/220). Calculate the greatest common factor of 22 and w.
22
Let j = -115 - -150. What is the highest common divisor of 14 and j?
7
Suppose -4*a + 5*y = 7, 3*y = -a + 6*a - 1. Let n = -96 + 178. Let p be (-2)/8 - n/(-8). What is the greatest common factor of p and a?
2
Suppose -3*f + 3*r - 33 = 0, f + r + 9 = -0*r. Let n be f/(1 - (-2)/(-1)). Suppose -5*a - 30 = -n*a. Calculate the highest common divisor of 15 and a.
3
Suppose -3*f + s = -4*s + 28, -3*f - 5*s - 68 = 0. Let y = 42 + f. Suppose -2*j = -l + y, 108 = 3*l + 2*l + j. What is the greatest common factor of 33 and l?
11
Suppose -5*g + 14 = -z, 0 = 4*g + 3*z + 5 - 20. Let f be ((-2)/g)/(2/(-3)). Calculate the highest common divisor of 4 and f.
1
Let j(z) = -z + 9. Let a be j(3). Calculate the greatest common factor of a and 24.
6
Let k(y) = -y. Let m be k(-4). Let w be (-24)/9*-9 - 4. What is the greatest common factor of m and w?
4
Let l(z) = -z**3 + 15*z**2 - 18*z + 16. Let i be l(13). What is the highest common divisor of 48 and i?
24
Suppose a + 2*s = 26, 5*a - 5*s - 36 - 169 = 0. Calculate the greatest common factor of 8 and a.
4
Let s(u) = -u**3 - 8*u**2 - 8*u - 4. Let p be s(-8). What is the greatest common factor of 15 and p?
15
Let h(k) = -2*k + 8. Let y be h(-6). Calculate the highest common factor of 8 and y.
4
Suppose -3*p - 101 = -4*s - 2*p, 2*p = 5*s - 124. Let y(v) = 3*v**2 + 7*v - 1. Let g be y(-5). Calculate the highest common factor of s and g.
13
Let b(w) = -w**3 - 9*w**2 + 7*w - 8. Let r be b(-10). Suppose -2*p + 2*n = -r, 3*n = 5*n - 2. What is the greatest common divisor of 36 and p?
12
Let r(v) = -92*v - 2. Let p be r(-1). Calculate the greatest common divisor of p and 30.
30
Suppose -3*d + 62 = -1. L